= 0. Let l(h) = 6*h**2 - h - 3. Let t = 2 + 3. Let o(b) = 7*b**2 - 2*b - 4. Let j(r) = t*o(r) - 6*l(r). Determine j(f).
-2
Let p(o) = 3 - 5*o - 2*o**2 - 1 + o**2. Suppose -3*s - 1 = -7. Suppose -5*t + 17 = s*m, -45 = -2*m + 7*m - 5*t. What is p(m)?
6
Let f(c) = c. Let r(i) = 8 + 0*i - 5 - 10*i + i**2. Let d(y) = -6*f(y) - r(y). Let g(h) = -h**2 + h + 5. Let x be g(0). Determine d(x).
-8
Let d(r) = 4*r - 2*r**2 - 1 + 2*r + 13*r**3 - 4*r. Suppose 0 = -c - 0*c + 2. Suppose c*g - 4 = -2. Give d(g).
12
Let v(s) = -s**3 + 5*s**2 + 6*s - 6. Let h(g) = g**3 - 3*g**2 - 2*g. Let a be h(4). Let b be 2*6/a*4. Determine v(b).
-6
Let b(w) be the third derivative of -w**5/60 - 7*w**4/24 - w**3/3 + 9*w**2. Give b(-7).
-2
Let u(t) be the second derivative of -t**6/40 - t**5/30 + t**4/24 - t**3/6 - 5*t**2/2 - 4*t. Let j(p) be the first derivative of u(p). Calculate j(-2).
13
Let i(m) = -m**3 + 5*m**2 - m - 1. Let j(w) = w**2 - 6*w - 6. Let d be j(6). Let a be (-51)/d - (-6)/4. Let z = a + -5. What is i(z)?
-6
Suppose 4*a = 2*k + 26, 5*a + 3*k + 0*k - 5 = 0. Suppose 5*m + 18 = -a*x - 11, -2*m + 22 = -4*x. Let o(w) = -w - 5. Give o(x).
1
Let j(r) = -3*r + 34. Let b be j(10). Let w(t) = -t + 5. What is w(b)?
1
Suppose -4*a - 10 = -2. Let y(f) be the second derivative of -f**5/20 - f**4/4 + f**3/2 + 3*f**2/2 - 20*f - 4. Determine y(a).
-7
Let y(d) = -7*d + 4. Let r(i) = 3 - 6 - 3 + 7*i + 1. Let x(p) = -4*r(p) - 5*y(p). Suppose -z = 4*z + 5. Determine x(z).
-7
Let z(s) = -s + 7. Let j be z(-3). Let k = j + -4. Let x(f) = -14*f**2 - 35*f - 2. Let g(n) = -5*n**2 - 12*n - 1. Let w(a) = 17*g(a) - 6*x(a). Calculate w(k).
-5
Let v(r) = r**3 + 5*r**2 - 6*r + 3. Suppose 4*c - l + 14 = l, -2*l = 3*c + 28. Let x be v(c). Let u(f) = -3*f**2 + 8*f**x + 2*f - 1 + 0*f + 2*f**2. Give u(1).
8
Suppose 3*q - 15 = 2*b - 6*b, -2*q + 4*b - 10 = 0. Let g(c) be the first derivative of 3*c**4/4 - c**3/3 + c**2/2 + 1. Calculate g(q).
3
Let d(v) = -5 + 4 - v + 0 - 4*v**3 + v**2 - v**3. Determine d(-1).
6
Let r(s) = -3*s - 17. Let f be r(-6). Let o(d) = 4*d**2 - d + 1. What is o(f)?
4
Let v(m) be the third derivative of -m**5/60 - 11*m**3/6 + 6*m**2. What is v(0)?
-11
Let n = 8 + -3. Suppose 0 = r - 6*r + n*b, 24 = -5*r - 3*b. Let t(x) = 2*x**2 + 3*x - 4. What is t(r)?
5
Let f(m) = m - 5. Let r(q) = -2*q + 15. Let s(p) = 8*f(p) + 3*r(p). Let k be 3/(-6)*-2 - 1. Suppose v + k*v + 8 = -b, 0 = -2*b + 2*v. What is s(b)?
-3
Let n(r) = r**2 + 6*r - 2. Let m(b) = -2*b**2 - 12*b + 4. Let u(y) = 2*m(y) + 5*n(y). Determine u(-6).
-2
Let y(z) be the first derivative of -z**2 - 4*z - 9. Calculate y(5).
-14
Suppose -4*v = -2 - 18. Let h(o) = -4*o - 4 + 2 - 4*o**2 + 0*o**3 + o**3. Give h(v).
3
Let y(a) be the first derivative of a**3/3 + 3*a**2/2 - 2*a + 11. Give y(-5).
8
Let k be 3*(-1 - (-2 - 0)). Let z be 2/4 - 4/8. Let j(r) = 2 + r - r**3 - 4*r + z*r**2 + 4*r**2. Determine j(k).
2
Suppose 2*h = -5*x - 2, -h = -9*x + 13*x + 4. Let r(o) be the third derivative of o**5/60 - o**4/6 - 2*o**3/3 - o**2. What is r(h)?
-4
Suppose -3*x = -11 - 13. Let o = x + -5. Let y(b) = -14*b - b**3 + 14*b + 1 + 3*b**2. Give y(o).
1
Let c be 22/6 - 2/(-6). Let l = 7 - c. Let b = l + -5. Let y(i) = -i**2 - i + 2. Calculate y(b).
0
Let o(l) = -3*l**2 + 15*l - 9. Let v(t) = t**2 - 5*t + 3. Let m(a) = 2*o(a) + 7*v(a). Suppose i - 5*s + 0 - 9 = 0, 0 = 4*i - s - 17. What is m(i)?
-1
Let a(j) = -2*j - 3*j**2 - j**3 + 1 + 0*j**3 + 0*j. Let w be a(-2). Let d(u) = -u**3 + 2*u**2 - u. Determine d(w).
0
Suppose 2*n - 6 = -0*n. Let p(d) = -n*d**3 - 4*d + 4 - 3*d**2 + 4*d**3 + 5*d. Let u = -21 + 24. What is p(u)?
7
Let g(x) be the first derivative of 3 + 0*x + 2/3*x**3 - 1/2*x**2. Calculate g(1).
1
Let t(c) = c - 26. Let g be t(27). Let j(a) = 9*a**2 - 2*a + 1. What is j(g)?
8
Let m(u) = -u**3 + 7*u**2 - 9. Let c(k) = 8*k - 1. Let t be c(1). What is m(t)?
-9
Let r be (-1)/3 + 10/3. Let z(s) = -s - 2. Let d be z(-3). Let c(q) = q + 2 + d + 6*q - 6*q + q**3 - 4*q**2. Calculate c(r).
-3
Let y(g) = -g**3 + 2*g**2 + 4*g - 6. Let z(v) = v**3 - v**2 - 5*v + 6. Let j(t) = 3*y(t) + 2*z(t). Give j(4).
2
Let t(y) = -2*y**2 + 2*y + 2. Let v(d) = -3*d**2 + 2*d + 3. Let i(r) = 4*t(r) - 3*v(r). Calculate i(1).
2
Let a(b) = b - 4. Suppose 3*z - 20 = -2*z - 3*d, -4*z - 5*d + 3 = 0. Determine a(z).
3
Let x = -4 + 42. Suppose -3*u - 14 = -u - 4*l, -x = 4*u + 2*l. Let k(y) = -y - 8. Let n be k(u). Let o(s) = -7*s**3 - s**2 + 2*s - 1. Give o(n).
-7
Suppose 29 = 4*h + 9. Suppose 0 = 2*m - 7 - h. Let k(r) = 0 + 3*r - r**2 + m*r - 4*r - 3. What is k(5)?
-3
Suppose 3 + 3 = 3*y. Suppose y*m - 9 = 3*s, 0 = -0*s + 3*s + m. Let l(g) = g**2 + g + 1. Let z(w) = 6*w**2 + 2*w + 1. Let r(b) = l(b) - z(b). Calculate r(s).
-4
Let u(f) = 11*f**2 + 23*f + 10. Let r(i) = 4*i**2 + 8*i + 3. Suppose p - 4*t = -1 + 4, -p - 2*t + 3 = 0. Let o(b) = p*u(b) - 8*r(b). What is o(-4)?
2
Let y(v) = v**2 + 7*v - 1. Let q(p) = 19*p + 107. Let k be q(-6). Give y(k).
-1
Suppose 5*v + 1 = r + 6*v, -r - 3*v = -1. Let b(y) = 16*y. What is b(r)?
16
Let i(d) = -2*d**2 + 4*d**2 - 30 + 3*d + 27. Suppose -2*t = 2*t + 12. Give i(t).
6
Let x(c) be the third derivative of -1/60*c**5 + c**3 + 1/8*c**4 - c**2 + 0 + 0*c. Determine x(5).
-4
Let g(r) = r**2 + 6*r + 6. Let t be g(-7). Suppose 4*o - 31 = 3*x, -t + 4 = x - o. Let b(c) = -8*c + 2*c - 5*c**2 - c**2 - 5 - c**3. What is b(x)?
0
Let k = -8 - -6. Let x(t) be the second derivative of -t**5/20 - t**4/6 + t**3/6 + 19*t - 1. Calculate x(k).
-2
Suppose -x = -1 - 2. Let r(p) = 0*p + p + 2*p - x. Suppose 0 = 8*f - 6*f + 6. Determine r(f).
-12
Let q(y) = -1 - 9*y - 9*y + 10*y - y. Suppose -p + 2*p = 2. Let b = -3 + p. Calculate q(b).
8
Suppose a = -4*c + 76, 0*c + 19 = c + 4*a. Suppose -4*b - 2 = 4*z + 10, 3*b - 4*z = c. Let w(u) = -10*u + 1. Calculate w(b).
-9
Suppose -4*m = -4*f + 4, 2*m + 0 + 2 = -5*f. Let j(l) = -l**2 + l + 6. Determine j(f).
6
Let i(h) = -4*h**3 + 2*h**2 - 6*h - 2. Let u(g) = -g**3 - g**2 - g - 1. Let v(n) = i(n) - 3*u(n). Suppose 0 = 3*a - 6*a + 12. Determine v(a).
5
Let o(g) = g**3 - 5*g**2 - g + 5. Let h be o(5). Suppose h = d - 2*u - 0*u + 9, -5*d + 3*u = 24. Let c(z) = -z**2 - 4*z - 1. Determine c(d).
2
Let g(x) = -8*x**2 - 10 + 7 - x**3 - 7*x - 5. Determine g(-7).
-8
Let q = -8 + 5. Let g(h) = -h**2 - 3*h - 1. Let f be g(q). Let d(l) = 12*l**2 - 4*l**2 - l**2. What is d(f)?
7
Let i(h) = 7*h**2 - 12*h + 2. Let p(c) = -15*c**2 + 25*c - 4. Let s(u) = 13*i(u) + 6*p(u). Let w be s(4). Let x(r) = -r**3 - 5*r**2 + 7*r + 8. Determine x(w).
2
Let b(i) = 13*i + 3. Let k(n) = 220*n + 50. Let p(w) = 50*b(w) - 3*k(w). Give p(-1).
10
Let t(y) = y**2 + 7*y - 53. Let s be t(-12). Let c(b) = -b. What is c(s)?
-7
Let p be 0 - (-4)/(-2) - (-3 + 6). Let i(y) = y. What is i(p)?
-5
Let j(y) be the first derivative of y**4/4 - 2*y**3 - 7*y - 5. Calculate j(6).
-7
Let v(h) = -h**2 - 5*h - 5. Let d be v(-5). Let k(w) = -w**2 + w. Let f(c) = -2*c**2 - 5*c + 4. Let j(r) = -f(r) + k(r). Give j(d).
-9
Suppose 0 = 2*t + 2 - 0. Let k be (1 + (-3)/1)/t. Let r(p) = 7*p**3 + p**2 - 9*p + 7. Let m(s) = 3*s**3 - 4*s + 3. Let y(g) = -5*m(g) + 2*r(g). Determine y(k).
3
Let s(g) = g**3 - g. Let j be s(-1). Let a(f) be the first derivative of f**2/2 + 5*f - 12. What is a(j)?
5
Let m(p) = p**2 - 5*p**2 - 59 - 2*p + p**3 + 63. Let t = -7 + 11. Calculate m(t).
-4
Let p(q) = -q**2 - 6*q - 6. Let l(i) = 7*i + 2. Let f be l(-1). Let c be p(f). Let w(z) = z**2 - z. Determine w(c).
2
Let k(g) = 2*g + 6. Let s(a) = -a + 2. Let o be s(8). Give k(o).
-6
Let z be (-12)/1*2/4. Let c(g) = g**2 + 6*g - 7. What is c(z)?
-7
Let i(d) = -2*d. Suppose -c - 4 = -2*c. Let r be (0 + 4)*c/(-8). Give i(r).
4
Suppose 3*b = 2*j - 17, b = -5*j - 3*b + 8. Let y(m) = -m - 2 - 2*m**2 + 1 + 0 + j*m. Let i(n) = n**2 + 1. Let z(x) = 3*i(x) + y(x). What is z(-4)?
6
Suppose 3*a + 2 - 8 = 0. Let s(x) = -2*x**2 + 2*x + 8*x**2 - 4*x**a + 0*x**2. What is s(-2)?
4
Let s(b) be the second derivative of b**3/6 - b**2/2 + 3*b. What is s(2)?
1
Suppose 3*k = -6, -3*l + 3 = -3*k + 9. Let q be (l/10)/((-1)/45). Suppose -3*a - q = 5*d, -a + d = 2*d + 4. Let y(m) = -m**3 + m**2 - 1. What is y(a)?
1
Suppose 3*r - 32 = -2*d, 4*r + d - 40 + 4 = 0. Let m(b) = b**3 - 9*b**2 + 7*b + 11. Calculate m(r).
3
Let m(o) = -o + 